ctor of 233539800?
True
Is 8225 a factor of 32628575?
True
Does 1005 divide 36038295?
True
Does 1161 divide 390491901?
True
Is 24150126 a multiple of 33?
True
Is 81 a factor of 27152709?
False
Does 76 divide 476940979?
False
Is 331346616 a multiple of 47?
True
Is 158 a factor of 20086978?
False
Is 318011477 a multiple of 1615?
False
Is 1497195900 a multiple of 486?
True
Is 27683171 a multiple of 19?
True
Is 1584480525 a multiple of 275?
False
Is 12 a factor of 27547171?
False
Is 1231 a factor of 41220035?
True
Does 72 divide 4806738973?
False
Is 35 a factor of 2162868260?
True
Does 5 divide 254013413?
False
Is 21 a factor of 391578906?
False
Does 174 divide 146563790?
False
Is 430 a factor of 40701076?
False
Is 5 a factor of 39860140?
True
Is 57575868 a multiple of 84?
True
Is 4 a factor of 73488756?
True
Is 301 a factor of 157492171?
False
Is 206962383 a multiple of 1501?
True
Is 2881820175 a multiple of 717?
True
Is 23 a factor of 368032661?
False
Is 1005127208 a multiple of 111?
False
Is 41 a factor of 13254111?
True
Is 39 a factor of 65542022?
False
Is 531 a factor of 41621011?
False
Is 9 a factor of 109919223?
True
Is 258822320 a multiple of 212?
True
Does 1631 divide 55335828?
False
Is 15 a factor of 58387914?
False
Does 299 divide 39188136?
True
Does 8 divide 14683296?
True
Is 103027456 a multiple of 2826?
False
Does 131 divide 43144588?
True
Is 7727551 a multiple of 25?
False
Is 479923066 a multiple of 13?
False
Is 311 a factor of 129900396?
False
Does 914 divide 53198456?
True
Is 46390746 a multiple of 441?
False
Does 15 divide 3096934705?
False
Is 5 a factor of 31837853?
False
Does 80 divide 2540227?
False
Is 55701075 a multiple of 1460?
False
Is 344 a factor of 713043608?
False
Does 575 divide 36183269?
False
Is 85156240 a multiple of 842?
False
Does 3114 divide 148552940?
False
Is 13 a factor of 4752592?
True
Is 70878319 a multiple of 43?
True
Does 14 divide 42142166?
False
Is 125065740 a multiple of 2881?
False
Is 282401750 a multiple of 614?
False
Does 544 divide 46761696?
True
Is 2614 a factor of 5314262?
True
Is 221530491 a multiple of 490?
False
Is 2717 a factor of 180050156?
True
Is 30483186 a multiple of 541?
True
Does 226 divide 105368206?
True
Is 237 a factor of 257952459?
True
Is 153 a factor of 1902555?
True
Does 12 divide 696473280?
True
Is 255191136 a multiple of 14?
False
Does 1010 divide 697681740?
True
Is 38392000 a multiple of 4799?
True
Is 42167832 a multiple of 21?
True
Is 74 a factor of 27745042?
True
Is 4542 a factor of 258862223?
False
Is 166 a factor of 122963504?
True
Does 84 divide 2105200944?
True
Is 849250166 a multiple of 75?
False
Is 646 a factor of 816115056?
True
Is 129 a factor of 114395327?
False
Is 89 a factor of 115576913?
True
Is 413 a factor of 58197246?
False
Is 5 a factor of 60996987?
False
Is 90267833 a multiple of 1823?
False
Does 22 divide 8412234776?
True
Does 128 divide 124134596?
False
Does 8 divide 47023160?
True
Is 40612849 a multiple of 1975?
False
Is 8719962 a multiple of 170?
False
Is 4 a factor of 327402844?
True
Does 108 divide 2787435?
False
Does 18 divide 3118914?
True
Is 16648650 a multiple of 75?
True
Is 1525 a factor of 405990075?
True
Is 447863673 a multiple of 1475?
False
Does 12 divide 1637394950?
False
Does 14 divide 551527409?
False
Does 44 divide 3857482?
False
Does 58 divide 388673602?
True
Is 110866299 a multiple of 17?
True
Is 119554120 a multiple of 245?
True
Does 194 divide 2462294729?
False
Is 537 a factor of 504882466?
False
Does 13 divide 29560661?
True
Is 177 a factor of 34732533?
True
Is 29 a factor of 458137389?
True
Is 467 a factor of 295757413?
False
Does 44 divide 173800044?
True
Does 5 divide 3662150?
True
Is 606030620 a multiple of 1690?
True
Does 188 divide 3334408?
False
Is 5833110888 a multiple of 8422?
True
Is 18459352 a multiple of 8?
True
Is 6 a factor of 210557832?
True
Does 4491 divide 194756706?
True
Does 81 divide 15974739?
True
Is 8 a factor of 425249302?
False
Is 24 a factor of 6587314?
False
Is 13 a factor of 183941718?
False
Does 3455 divide 586704915?
False
Is 636007522 a multiple of 833?
False
Does 1636 divide 85826161?
False
Is 2742 a factor of 196074936?
True
Is 4315 a factor of 2317728895?
True
Is 184 a factor of 1090752?
True
Is 27 a factor of 458975025?
True
Is 187 a factor of 61653171?
False
Is 240 a factor of 3194847262?
False
Is 11 a factor of 27913160?
True
Is 3024826 a multiple of 510?
False
Is 2478785166 a multiple of 143?
True
Is 154734752 a multiple of 32?
True
Does 4 divide 68222032?
True
Does 108 divide 25228490?
False
Is 98 a factor of 130014444?
True
Does 2274 divide 50339538?
True
Does 16 divide 1705310192?
True
Is 222427406 a multiple of 123?
False
Is 12 a factor of 23990928?
True
Is 963761211 a multiple of 123?
True
Is 13558333 a multiple of 300?
False
Is 610105601 a multiple of 53?
False
Does 24 divide 10387204?
False
Does 8 divide 12082064?
True
Is 47937245 a multiple of 188?
False
Is 957981140 a multiple of 20?
True
Does 286 divide 1073577?
False
Does 3340 divide 395926796?
False
Is 1004170744 a multiple of 1195?
False
Does 1893 divide 770273374?
False
Is 18 a factor of 1589701788?
True
Does 415 divide 946899275?
True
Does 3415 divide 2069240428?
False
Is 99010408 a multiple of 7?
True
Is 3022967 a multiple of 14?
False
Is 190 a factor of 22282971?
False
Does 1174 divide 32372224?
False
Is 108494112 a multiple of 308?
False
Is 19 a factor of 115250428?
True
Is 293 a factor of 253006076?
False
Is 1071 a factor of 48674808?
True
Is 48 a factor of 40717536?
True
Is 18204744 a multiple of 7?
False
Is 30 a factor of 1016295482?
False
Is 1665 a factor of 210952170?
True
Does 17 divide 7032530?
False
Is 2002567 a multiple of 523?
True
Is 890 a factor of 277304908?
False
Does 31 divide 38452149?
False
Is 34 a factor of 78275466?
False
Does 2 divide 34795099?
False
Is 44544896 a multiple of 34?
True
Is 13 a factor of 92345734?
True
Does 6 divide 4190732?
False
Is 676948956 a multiple of 2932?
True
Is 191900824 a multiple of 325?
False
Is 4763 a factor of 1490487980?
False
Is 394397910 a multiple of 42?
False
Is 11 a factor of 27933889?
False
Is 769 a factor of 12688095?
False
Is 56 a factor of 233012?
False
Is 8 a factor of 508467136?
True
Does 1338 divide 12258756?
True
Is 19140224 a multiple of 1898?
False
Is 27 a factor of 25052031?
True
Does 571 divide 73195328?
False
Does 39 divide 405987114?
True
Does 958 divide 1374429204?
False
Is 287859825 a multiple of 165?
True
Does 2678 divide 397064230?
False
Is 1478724 a multiple of 12?
True
Is 62 a factor of 18084842?
True
Does 1145 divide 15487133?
False
Is 44862895 a multiple of 1045?
True
Is 1781 a factor of 17094038?
True
Is 9 a factor of 781586851?
False
Is 2223 a factor of 533878722?
False
Is 4380794376 a multiple of 596?
False
Does 2569 divide 60084160?
False
Is 204 a factor of 148594416?
True
Is 5845085 a multiple of 347?
False
Does 245 divide 34780200?
True
Is 5651 a factor of 769700106?
True
Is 13 a factor of 725569?
True
Does 13 divide 651809795?
True
Is 14568398 a multiple of 9?
False
Is 828580563 a multiple of 9?
True
Is 257939036 a multiple of 281?
False
Is 153135109 a multiple of 24?
False
Does 17 divide 1685247129?
False
Does 114 divide 45115305?
False
Does 7764 divide 198036348?
True
Is 28 a factor of 40593677?
False
Is 17 a factor of 16883868?
False
Is 1697371980 a multiple of 15?
True
Does 733 divide 1471607450?
True
Is 1876 a factor of 42164976?
True
Is 2383 a factor of 822410732?
False
Does 344 divide 110749424?
True
Is 30116912 a multiple of 1772?
True
Is 1166263181 a multiple of 11?
False
Does 3745 divide 1171252495?
True
Does 66 divide 374720324?
False
Is 12 a factor of 921338640?
True
Is 113 a factor of 10827472?
False
Does 1588 divide 368535100?
True
Does 72 divide 683401104?
True
Is 275 a factor of 438858200?
True
Does 3079 divide 1147845042?
True
Is 1056 a factor of 993042868?
False
Is 138979577 a multiple of 2280?
False
Is 91592268 a multiple of 6?
True
Is 74121057 a multiple of 6?
False
Does 9 divide 11197244?
False
Is 400 a factor of 67631200?
True
Does 34 divide 37866070?
False
Is 51207230 a multiple of 16?
False
Is 51354940 a multiple of 455?
True
Is 405105308 a multiple of 323?
True
Is 143 a factor of 8506641?
True
Is 50 a factor of 38971